or of 331388414?
False
Is 138 a factor of 392588185?
False
Is 7 a factor of 799079743?
True
Is 103633920 a multiple of 2560?
True
Does 954 divide 71038656?
True
Is 102 a factor of 366856872?
True
Is 437825008 a multiple of 16?
True
Is 4813274 a multiple of 99?
False
Does 38 divide 1386858095?
False
Is 766899308 a multiple of 1028?
True
Is 2488917338 a multiple of 148?
False
Is 762 a factor of 1094144730?
False
Does 9 divide 141290946?
True
Does 58 divide 54636?
True
Does 22 divide 1222910?
False
Is 2349 a factor of 1025112996?
True
Does 23 divide 4200473670?
True
Does 8 divide 5420495?
False
Is 579496378 a multiple of 214?
True
Does 34 divide 176185314?
True
Is 19 a factor of 203392552?
False
Is 284770878 a multiple of 276?
False
Does 1234 divide 342259772?
True
Is 764 a factor of 33736712?
True
Is 2838636 a multiple of 24?
False
Is 226 a factor of 25823212?
True
Is 312073067 a multiple of 167?
True
Is 131925233 a multiple of 6743?
False
Is 97501289 a multiple of 107?
True
Does 82 divide 497530326?
True
Does 66 divide 763557636?
False
Is 63 a factor of 2145511?
False
Does 2067 divide 132089765?
False
Is 82651521 a multiple of 6039?
False
Does 21 divide 188781310?
False
Is 9850464 a multiple of 26?
True
Is 5560613 a multiple of 879?
False
Does 2057 divide 2985146?
False
Is 78029233 a multiple of 8?
False
Is 1198 a factor of 38745716?
True
Is 49 a factor of 49176498?
True
Is 114451849 a multiple of 103?
True
Is 10 a factor of 4433907?
False
Does 49 divide 20604353?
True
Is 33470762 a multiple of 317?
True
Does 420 divide 229476660?
True
Is 40 a factor of 29960277?
False
Is 100275028 a multiple of 28?
True
Is 5441884736 a multiple of 452?
True
Does 839 divide 56562801?
False
Is 71813856 a multiple of 8?
True
Does 17 divide 40040144?
False
Is 1454 a factor of 56478563?
False
Does 884 divide 2872545624?
True
Is 627884574 a multiple of 3?
True
Is 13 a factor of 5091046?
False
Is 26 a factor of 4046808948?
True
Is 716053462 a multiple of 1608?
False
Does 12082 divide 2467815545?
False
Does 327 divide 11001915?
True
Is 5341259 a multiple of 497?
True
Is 1087108944 a multiple of 1338?
True
Is 199892120 a multiple of 3635?
False
Does 139 divide 234201693?
False
Does 167 divide 661129248?
False
Is 33 a factor of 52022784?
True
Is 200 a factor of 433697600?
True
Does 932 divide 115903520?
True
Is 793279915 a multiple of 104?
False
Is 16114928 a multiple of 16?
True
Does 42 divide 13734311?
False
Is 39 a factor of 4004130?
True
Is 35358147 a multiple of 1795?
False
Does 13 divide 281341034?
True
Is 148 a factor of 25070187?
False
Does 6 divide 1865446818?
True
Is 869 a factor of 76312659?
False
Does 22 divide 92256056?
False
Is 47 a factor of 153826065?
True
Is 341 a factor of 37575813?
True
Is 6388 a factor of 1100094732?
False
Is 1067792060 a multiple of 53?
True
Is 841 a factor of 15751930?
True
Is 78980994 a multiple of 62?
True
Is 15 a factor of 409814820?
True
Is 295 a factor of 7093750?
False
Is 8027867 a multiple of 48?
False
Does 16 divide 725360256?
True
Is 13274012 a multiple of 62?
False
Is 719 a factor of 619518441?
True
Is 263 a factor of 60244773?
False
Is 17 a factor of 247943992?
False
Is 1073 a factor of 25401129?
True
Does 1565 divide 291055570?
True
Is 29035215 a multiple of 99?
True
Is 11 a factor of 4276701?
True
Does 62 divide 67944684?
True
Is 45616886 a multiple of 282?
False
Is 1089865035 a multiple of 105?
True
Is 13 a factor of 262414940?
False
Does 1824 divide 890425728?
True
Is 11 a factor of 567572874?
True
Is 276 a factor of 1629278?
False
Is 545 a factor of 41428442?
False
Is 343 a factor of 1717076630?
False
Is 3793139 a multiple of 6?
False
Is 78 a factor of 95700852?
True
Does 363 divide 2068489071?
True
Does 9 divide 823073994?
True
Is 2455932385 a multiple of 59?
False
Is 836640 a multiple of 21?
True
Is 868920 a multiple of 39?
True
Is 989 a factor of 4317124449?
True
Is 33159931 a multiple of 12?
False
Is 213 a factor of 35894744?
False
Is 387996674 a multiple of 103?
True
Is 9 a factor of 4079979?
True
Is 16 a factor of 642769392?
True
Is 15 a factor of 205584853?
False
Is 32328268 a multiple of 1302?
False
Does 695 divide 159961200?
True
Is 915119002 a multiple of 37?
True
Is 15 a factor of 63090753?
False
Is 920936 a multiple of 10?
False
Does 831 divide 8921616?
True
Is 736 a factor of 1602024704?
True
Is 13 a factor of 46127877?
False
Is 54 a factor of 185385228?
False
Does 2 divide 11864900?
True
Is 2696 a factor of 424684965?
False
Does 12 divide 27310548?
True
Is 18269801 a multiple of 11?
True
Is 90665496 a multiple of 644?
False
Is 227064093 a multiple of 2737?
False
Does 197 divide 595853697?
False
Does 23 divide 1372318?
True
Is 1032 a factor of 75773135?
False
Does 3 divide 17038461?
True
Is 15 a factor of 6808671887?
False
Is 43520427 a multiple of 1585?
False
Does 54 divide 54178686?
True
Does 44 divide 14477942?
False
Does 2904 divide 2284632540?
False
Does 3367 divide 2308788937?
True
Is 1243 a factor of 140836872?
True
Is 53 a factor of 4247527425?
False
Does 10 divide 17616492?
False
Is 283722222 a multiple of 10?
False
Is 83891788 a multiple of 13?
False
Is 1317208680 a multiple of 45?
True
Is 3678 a factor of 22707972?
True
Is 41 a factor of 438852148?
False
Is 2114470584 a multiple of 3084?
True
Does 573 divide 101818912?
False
Does 13 divide 88208615?
False
Is 54462456 a multiple of 4?
True
Is 422082389 even?
False
Does 523 divide 111948150?
True
Does 1704 divide 1893326579?
False
Does 168 divide 716441040?
True
Is 27749316 a multiple of 742?
True
Is 89 a factor of 40279531?
True
Is 4179234768 a multiple of 596?
False
Is 1736 a factor of 426531728?
True
Is 1108703257 a multiple of 7?
False
Does 109 divide 29209166?
True
Is 28 a factor of 123362148?
True
Is 69 a factor of 109476008?
False
Is 82 a factor of 32007798?
True
Is 144 a factor of 333475624?
False
Is 7 a factor of 23682747?
False
Is 493 a factor of 668110642?
True
Is 367715 a multiple of 12?
False
Does 8 divide 2834631554?
False
Does 280 divide 6958731?
False
Is 154 a factor of 11903255?
False
Is 196355354 a multiple of 53?
True
Is 173 a factor of 109880431?
True
Does 10 divide 38948979?
False
Does 21 divide 39682209?
True
Is 24 a factor of 27652152?
True
Is 12 a factor of 29716897?
False
Does 195 divide 111241845?
True
Is 38 a factor of 3400706?
False
Is 15 a factor of 3574409?
False
Does 1452 divide 49835544?
True
Is 33 a factor of 24806166?
True
Does 156 divide 164086344?
False
Does 44 divide 2766715131?
False
Is 80695417 a multiple of 28?
False
Is 11583545 a multiple of 2?
False
Is 24396372 a multiple of 52?
True
Does 1291 divide 2780309907?
False
Is 56 a factor of 20540856?
True
Is 124008808 a multiple of 49?
True
Is 17 a factor of 162590703?
True
Is 232225256 a multiple of 704?
False
Does 5 divide 114644250?
True
Is 951 a factor of 36586137?
False
Is 12 a factor of 42732036?
True
Is 13 a factor of 57007924?
False
Does 19 divide 18576319?
True
Is 67544159 a multiple of 2137?
True
Is 1134175 a multiple of 6?
False
Is 2809040 a multiple of 80?
True
Is 279 a factor of 55695861?
False
Is 22156058 a multiple of 73?
False
Is 729942 a multiple of 114?
True
Is 23493482 a multiple of 237?
False
Does 15 divide 18441105?
True
Is 1529923059 a multiple of 324?
False
Is 18 a factor of 109134540?
True
Is 152 a factor of 130965480?
True
Does 939 divide 91593838?
False
Is 89053321 a multiple of 85?
False
Is 1822863 a multiple of 239?
False
Is 47 a factor of 29599519?
True
Does 9 divide 246993836?
False
Does 2579 divide 554670167?
False
Is 225948855 a multiple of 55?
True
Is 355550332 a multiple of 1249?
True
Does 125 divide 1412903125?
True
Is 5 a factor of 638451520?
True
Is 34689107 a multiple of 51?
False
Is 5060196 a multiple of 14?
False
Is 401445161 a multiple of 689?
True
Is 3293 a factor of 997241017?
False
Is 45 a factor of 979092249?
False
Is 164 a factor of 84451472?
True
Does 10 divide 1554734?
False
Is 984164 a multiple of 706?
True
Does 4 divide 83514820?
True
Does 136 divide 5152496?
True
Does 15 divide 28284900?
True
Is 15 a factor of 170138495?
False
Is 49178043 a multiple of 9?
True
Does 13 divide 5716555?
True
Is 461090073 a multiple of 159?
False
Does 18 divide 277819767?
False
Does 5654 divide 348744374?
True
Does 238 divi